mmon divisor of 224 and 12.
4
Calculate the highest common divisor of 71 and 31.
1
Calculate the highest common divisor of 212 and 11130.
106
Calculate the greatest common factor of 2349 and 243.
81
Calculate the greatest common divisor of 24 and 42.
6
What is the highest common factor of 11150 and 100?
50
Calculate the highest common divisor of 26 and 442.
26
What is the highest common divisor of 33 and 44?
11
What is the greatest common factor of 621 and 529?
23
What is the greatest common divisor of 150 and 210?
30
What is the greatest common factor of 72 and 504?
72
Calculate the greatest common factor of 26 and 52.
26
Calculate the greatest common divisor of 20 and 140.
20
Calculate the greatest common divisor of 128 and 160.
32
Calculate the greatest common divisor of 158 and 54.
2
Calculate the highest common factor of 12 and 492.
12
Calculate the highest common divisor of 148 and 14282.
74
What is the greatest common divisor of 5681 and 247?
247
What is the greatest common factor of 2145 and 55?
55
Calculate the greatest common divisor of 91 and 24661.
91
What is the highest common factor of 2535 and 195?
195
Calculate the greatest common factor of 118 and 2.
2
What is the greatest common factor of 19348 and 28?
28
What is the highest common divisor of 9 and 1467?
9
What is the highest common factor of 24 and 2700?
12
What is the greatest common factor of 108 and 2052?
108
Calculate the greatest common divisor of 3 and 1214.
1
Calculate the greatest common divisor of 151 and 1.
1
Calculate the greatest common divisor of 120 and 680.
40
What is the greatest common factor of 443 and 125369?
443
Calculate the highest common divisor of 651 and 63.
21
What is the greatest common divisor of 319 and 29?
29
Calculate the highest common divisor of 3949 and 11.
11
Calculate the greatest common divisor of 804 and 252.
12
What is the greatest common factor of 800 and 25?
25
Calculate the greatest common factor of 124 and 341.
31
What is the greatest common divisor of 143 and 143?
143
Calculate the highest common divisor of 10 and 1250.
10
Calculate the highest common divisor of 13629 and 154.
77
Calculate the greatest common factor of 364 and 52.
52
Calculate the highest common factor of 4077 and 1107.
27
Calculate the greatest common factor of 14139 and 18.
9
Calculate the greatest common divisor of 62 and 2.
2
What is the highest common factor of 1188 and 81?
27
Calculate the highest common factor of 31 and 124.
31
Calculate the greatest common factor of 125 and 225.
25
Calculate the greatest common factor of 96 and 51.
3
Calculate the highest common divisor of 36 and 372.
12
Calculate the highest common divisor of 4225 and 65.
65
What is the greatest common divisor of 1806 and 840?
42
Calculate the greatest common factor of 96 and 3.
3
What is the highest common divisor of 9282 and 24?
6
What is the highest common factor of 111 and 74?
37
What is the highest common divisor of 190 and 855?
95
Calculate the greatest common divisor of 247 and 950.
19
Calculate the greatest common factor of 96 and 12.
12
What is the greatest common factor of 7215 and 13?
13
What is the greatest common factor of 306 and 4437?
153
What is the greatest common divisor of 1273 and 67?
67
What is the greatest common factor of 476 and 56?
28
What is the highest common factor of 375 and 30?
15
Calculate the highest common divisor of 448 and 98.
14
Calculate the highest common divisor of 117 and 507.
39
Calculate the highest common factor of 33 and 20339.
11
Calculate the highest common divisor of 5 and 1445.
5
Calculate the greatest common divisor of 3390 and 570.
30
Calculate the highest common divisor of 320 and 720.
80
What is the greatest common divisor of 3220 and 40?
20
What is the greatest common factor of 63 and 959?
7
What is the greatest common factor of 1503 and 9?
9
Calculate the greatest common factor of 750 and 120.
30
Calculate the greatest common factor of 231 and 99.
33
What is the greatest common factor of 390 and 20?
10
What is the greatest common factor of 1464 and 4575?
183
What is the greatest common factor of 5408 and 169?
169
Calculate the greatest common divisor of 40 and 632.
8
What is the greatest common divisor of 63 and 6867?
63
What is the highest common divisor of 1904 and 119?
119
Calculate the highest common factor of 30 and 1250.
10
What is the highest common divisor of 36 and 7218?
18
Calculate the highest common divisor of 63 and 9.
9
What is the greatest common factor of 228 and 2660?
76
What is the greatest common divisor of 637 and 13?
13
Calculate the greatest common factor of 304 and 16.
16
Calculate the greatest common divisor of 125 and 15.
5
Calculate the greatest common factor of 4 and 2572.
4
What is the greatest common divisor of 133 and 66?
1
Calculate the greatest common factor of 73103 and 41.
41
Calculate the greatest common factor of 493 and 34.
17
Calculate the highest common divisor of 882 and 84.
42
What is the greatest common factor of 3570 and 28?
14
What is the greatest common divisor of 124 and 31?
31
Calculate the highest common factor of 64 and 4.
4
Calculate the highest common factor of 90 and 66.
6
What is the highest common factor of 53522 and 28?
14
Calculate the greatest common divisor of 15 and 25.
5
Calculate the highest common divisor of 465 and 30.
15
Calculate the greatest common divisor of 3 and 7.
1
Calculate the greatest common factor of 73 and 41391.
73
Calculate the highest common factor of 594 and 418.
22
What is the highest common factor of 3267 and 77?
11
Calculate the highest common divisor of 11528 and 440.
88
Calculate the greatest common divisor of 2867 and 94.
47
Calculate the greatest common factor of 9191 and 91.
91
Calculate the greatest common divisor of 33 and 44.
11
Calculate the greatest common factor of 35 and 15.
5
What is the highest common factor of 481 and 26?
13
What is the greatest common divisor of 49 and 1568?
49
What is the greatest common divisor of 5 and 1895?
5
What is the highest common factor of 77 and 168?
7
What is the greatest common factor of 3072 and 16?
16
Calculate the highest common divisor of 1 and 33.
1
What is the highest common factor of 18821 and 11?
11
Calculate the greatest common divisor of 292 and 1898.
146
Calculate the highest common divisor of 80 and 3760.
80
What is the highest common factor of 30 and 110?
10
What is the highest common factor of 297 and 1287?
99
Calculate the greatest common factor of 8 and 11432.
8
Calculate the highest common factor of 72 and 40.
8
What is the greatest common factor of 28957 and 23?
23
Calculate the greatest common divisor of 14 and 329.
7
Calculate the greatest common factor of 156 and 1950.
78
What is the highest common factor of 200 and 725?
25
What is the greatest common divisor of 9492 and 226?
226
What is the greatest common divisor of 210 and 490?
70
Calculate the greatest common divisor of 2916 and 12.
12
Calculate the greatest common factor of 645 and 15.
15
What is the greatest common divisor of 144 and 60336?
144
Calculate the greatest common divisor of 9 and 153.
9
Calculate the greatest common factor of 69 and 529.
23
What is the highest common factor of 16 and 16144?
16
What is the highest common factor of 4 and 964?
4
What is the greatest common divisor of 2782 and 26?
26
What is the greatest common divisor of 2227 and 1179?
131
What is the greatest common divisor of 22 and 594?
22
Calculate the greatest common divisor of 204 and 36.
12
What is the greatest common factor of 1024 and 4?
4
What is the highest common factor of 949 and 65?
13
What is the greatest common divisor of 14 and 8582?
14
What is the highest common factor of 363 and 27?
3
What is the greatest common factor of 32 and 288?
32
What is the highest common factor of 15625 and 25?
25
Calculate the greatest common factor of 19 and 627.
19
What is the greatest common factor of 48 and 928?
16
Calculate the greatest common divisor of 1950 and 25.
25
What is the greatest common factor of 3776 and 59?
59
What is the greatest common divisor of 12 and 680?
4
Calculate the greatest common factor of 1888 and 288.
32
What is the greatest common divisor of 920 and 800?
40
What is the greatest common factor of 6 and 282?
6
What is the greates